ctor of 6369 and 22.
11
Calculate the greatest common factor of 136 and 221.
17
Calculate the greatest common divisor of 96 and 6.
6
What is the highest common factor of 555 and 1590?
15
What is the highest common divisor of 2706 and 858?
66
What is the greatest common divisor of 16 and 3888?
16
What is the greatest common divisor of 50819 and 89?
89
What is the greatest common factor of 3920 and 21?
7
Calculate the highest common factor of 4 and 49.
1
What is the greatest common divisor of 128 and 320?
64
Calculate the highest common divisor of 16501 and 29.
29
Calculate the highest common factor of 156 and 6812.
52
What is the greatest common factor of 70 and 4186?
14
Calculate the greatest common factor of 56 and 6839.
7
Calculate the greatest common divisor of 3197 and 46.
23
What is the greatest common factor of 266 and 931?
133
What is the highest common divisor of 39 and 20189?
13
What is the highest common divisor of 4103 and 11?
11
What is the highest common divisor of 288 and 64?
32
Calculate the highest common factor of 3894 and 198.
66
Calculate the highest common divisor of 395 and 35.
5
What is the highest common factor of 1449 and 345?
69
Calculate the highest common factor of 1125 and 300.
75
What is the greatest common factor of 35 and 85?
5
What is the highest common divisor of 68 and 22168?
68
What is the highest common divisor of 150 and 6?
6
Calculate the greatest common divisor of 350 and 18725.
175
Calculate the highest common divisor of 40 and 270.
10
What is the highest common factor of 1475 and 50?
25
What is the highest common divisor of 84 and 300?
12
Calculate the highest common factor of 5535 and 410.
205
Calculate the highest common factor of 21 and 483.
21
What is the greatest common factor of 180 and 4230?
90
Calculate the highest common divisor of 5736 and 96.
24
Calculate the highest common factor of 44 and 176.
44
What is the highest common divisor of 456 and 24?
24
Calculate the highest common divisor of 49 and 49.
49
Calculate the greatest common factor of 145 and 87.
29
Calculate the highest common factor of 886 and 43857.
443
Calculate the greatest common factor of 40 and 196.
4
What is the greatest common factor of 1230 and 30?
30
What is the greatest common factor of 84 and 1407?
21
Calculate the greatest common factor of 5 and 1125.
5
What is the greatest common divisor of 1922 and 124?
62
Calculate the highest common factor of 215 and 22145.
215
What is the greatest common factor of 60 and 8076?
12
Calculate the greatest common divisor of 300 and 23700.
300
Calculate the greatest common divisor of 164 and 1558.
82
Calculate the highest common factor of 100 and 175.
25
Calculate the greatest common factor of 189 and 621.
27
Calculate the highest common factor of 3772 and 1312.
164
What is the greatest common factor of 57 and 323?
19
What is the greatest common factor of 252 and 28476?
252
What is the highest common divisor of 18 and 261?
9
What is the highest common factor of 35 and 91?
7
What is the highest common divisor of 32 and 152?
8
Calculate the greatest common divisor of 75 and 60.
15
What is the highest common factor of 175 and 14?
7
Calculate the highest common divisor of 208 and 692.
4
Calculate the greatest common divisor of 4 and 768.
4
Calculate the greatest common factor of 909 and 101.
101
Calculate the greatest common factor of 3596 and 124.
124
What is the greatest common divisor of 60 and 480?
60
What is the highest common factor of 1939 and 49?
7
What is the greatest common factor of 222 and 6?
6
What is the highest common factor of 249 and 12699?
249
Calculate the greatest common factor of 7 and 11102.
7
Calculate the greatest common factor of 24 and 112.
8
What is the highest common divisor of 241 and 1?
1
Calculate the highest common divisor of 5748 and 5269.
479
Calculate the greatest common factor of 68 and 97.
1
Calculate the greatest common divisor of 775 and 31.
31
Calculate the greatest common divisor of 47 and 987.
47
Calculate the greatest common factor of 846 and 14852.
94
Calculate the greatest common factor of 15 and 115.
5
What is the highest common divisor of 6 and 20082?
6
Calculate the greatest common divisor of 21682 and 74.
74
What is the greatest common factor of 17 and 10795?
17
What is the highest common divisor of 14202 and 54?
54
What is the highest common divisor of 188 and 423?
47
What is the highest common divisor of 125 and 55?
5
What is the highest common divisor of 2 and 57?
1
Calculate the greatest common divisor of 53 and 4187.
53
Calculate the greatest common factor of 6 and 246.
6
What is the greatest common factor of 42 and 1995?
21
What is the greatest common divisor of 1375 and 125?
125
What is the highest common divisor of 7 and 167?
1
Calculate the greatest common factor of 648 and 16.
8
What is the highest common divisor of 39 and 2496?
39
Calculate the greatest common divisor of 376 and 16.
8
What is the greatest common divisor of 24 and 18?
6
What is the greatest common factor of 365 and 1241?
73
Calculate the highest common factor of 1912 and 14.
2
What is the highest common factor of 55 and 38995?
55
Calculate the highest common divisor of 1917 and 9.
9
What is the greatest common factor of 147 and 2562?
21
Calculate the highest common factor of 49 and 833.
49
Calculate the highest common divisor of 88 and 11.
11
Calculate the greatest common factor of 48 and 66.
6
What is the highest common factor of 29 and 4553?
29
What is the greatest common factor of 49 and 3577?
49
What is the highest common factor of 3456 and 128?
128
What is the greatest common factor of 368 and 1127?
23
Calculate the highest common factor of 147 and 45129.
147
What is the greatest common divisor of 992 and 128?
32
Calculate the greatest common divisor of 168 and 1988.
28
Calculate the greatest common factor of 96 and 15968.
32
Calculate the highest common factor of 33 and 341.
11
Calculate the highest common factor of 452 and 188.
4
What is the highest common factor of 135 and 225?
45
Calculate the greatest common factor of 30 and 90.
30
What is the highest common factor of 149 and 2?
1
What is the highest common factor of 88 and 99?
11
Calculate the greatest common divisor of 319 and 22.
11
Calculate the highest common divisor of 4476 and 12.
12
Calculate the highest common divisor of 2240 and 105.
35
What is the highest common divisor of 93 and 15?
3
Calculate the highest common divisor of 45 and 240.
15
What is the highest common divisor of 174 and 87?
87
What is the greatest common factor of 24 and 264?
24
What is the greatest common factor of 943 and 184?
23
What is the highest common divisor of 220 and 55?
55
What is the highest common divisor of 1103 and 4?
1
Calculate the greatest common divisor of 28397 and 73.
73
What is the highest common divisor of 812 and 464?
116
What is the greatest common factor of 10064 and 80?
16
What is the highest common factor of 438 and 2847?
219
What is the greatest common factor of 195 and 825?
15
What is the highest common factor of 35 and 5705?
35
What is the highest common divisor of 420 and 10416?
84
Calculate the highest common divisor of 96 and 40.
8
Calculate the greatest common divisor of 73 and 1679.
73
Calculate the greatest common factor of 171 and 54.
9
What is the greatest common factor of 164 and 8159?
41
What is the greatest common divisor of 27 and 432?
27
What is the greatest common divisor of 30 and 9390?
30
Calculate the highest common factor of 25910 and 10.
10
Calculate the greatest common divisor of 1794 and 276.
138
Calculate the greatest common divisor of 4499 and 9816.
409
Calculate the highest common divisor of 75 and 475.
25
What is the highest common factor of 47 and 1504?
47
What is the greatest common divisor of 2628 and 108?
36
Calculate the highest common divisor of 120 and 45.
15
Calculate the highest common divisor of 26 and 22.
2
Calculate the greatest common divisor of 390 and 120.
30
What is the greatest common factor of 16 and 112?
16
Calculate the greatest common divisor of 14 and 3528.
14
What is the highest common divisor of 24 and 750?
6
What is the highest common factor of 80 and 72?
8
Calculate the highest common factor of 150 and 40.
10
What is the greatest common divisor 